factors of u.
2, 3, 193
Suppose -34*j + 50223 = -33*j + y, 0 = -j - 2*y + 50228. List the prime factors of j.
2, 7, 17, 211
Suppose -71*k = -89*k + 49032. List the prime factors of k.
2, 3, 227
Let p = 91995 - 44692. What are the prime factors of p?
47303
Let r(w) = -w**3 + 25*w**2 + 21*w - 27. Let m be 2/(-20) + (-251)/(-70)*7. List the prime factors of r(m).
2, 3, 83
Let w = -209 - -257. List the prime factors of 4/6*7416/w.
103
Let v(h) = 6*h + 3. Let i be v(2). Suppose c + i = -2*c, 3*c + 491 = 4*r. Suppose -3*a - 361 = -4*n, 4*n - 5*a + r = 5*n. List the prime factors of n.
2, 47
Let j(d) = 3*d**2 + 10*d - 2. Let g be j(-4). Suppose y + 62 = 4*n + 4*y, -4*y - g = -n. Suppose 32 = n*v - 10*v. List the prime factors of v.
2
Let f be (-2 + (-30)/(-3))*(-3)/(-6). Let w(r) = 10*r**3 + 8*r**2 + 3*r + 1. List the prime factors of w(f).
11, 71
Let l = 18 - 15. Suppose 42 = 4*x - l*x - o, 6 = 3*o. Suppose 13*d = 14*d - x. List the prime factors of d.
2, 11
Let a = 15441 + -7372. List the prime factors of a.
8069
Let h = -487 - -1908. Suppose -49 = 4*o - h. Suppose o = 3*l + 103. List the prime factors of l.
2, 5
Suppose -3*b - 3 = 4*v - 2*b, 0 = -5*b - 15. Suppose 0*j - 6 = j - 5*p, -2*j - p - 12 = v. Let s(i) = -i**3 + 6*i - 12. List the prime factors of s(j).
2, 3, 7
Let i(q) = q**3 + 22*q**2 + 37*q + 37. Let l be i(-20). Suppose -l = r - 430. List the prime factors of r.
3, 37
Let y be 1/(-7) - 28203/147. List the prime factors of (y/10)/((-15)/50).
2
Let k(f) be the third derivative of 23*f**4/8 + 17*f**3/2 + 8*f**2 + f. What are the prime factors of k(7)?
2, 3, 89
Let r = -86 + 91. Suppose 5*w = 3*w + 4. Suppose 4*z - r = w*j - 49, z + 137 = 5*j. What are the prime factors of j?
2, 7
Let r = -38 + 36. Let q be (12/4)/(r/36 + 0). Let p = q + 75. What are the prime factors of p?
3, 7
Let x = 4524 - -2438. List the prime factors of x.
2, 59
Let y be (-5)/(15/(-6))*(-33)/22. What are the prime factors of y/(-6)*-14*-15?
3, 5, 7
Suppose -4*t + 4434 = v, 0 = -29*t + 31*t + v - 2214. What are the prime factors of t?
2, 3, 5, 37
Suppose -9*w + 50 = -22. Let a(f) = 7*f**2 + 4*f - 3. Let m be a(3). List the prime factors of 3*(w/(-6) + 0) + m.
2, 17
Suppose 5*w - 50 = 4*f, -3*f + f + 24 = w. Let h(k) = 8 + w + 1 + 11*k - 3*k. What are the prime factors of h(20)?
3, 61
Suppose -2385*s = -2346*s - 3177915. What are the prime factors of s?
5, 43, 379
Let k(d) be the third derivative of -d**5/120 + 89*d**4/24 + 16*d**3/3 - 9*d**2. Let u(b) be the first derivative of k(b). List the prime factors of u(-27).
2, 29
Let v(b) = -136*b**3 - 22*b**2 + b + 17. List the prime factors of v(-7).
2, 5, 43, 53
Let u = -81 - -83. Let d(i) = -2*i + 21 + i**2 + 4*i**2 - 10*i - u*i**2. What are the prime factors of d(9)?
2, 3, 13
Suppose 6*j - 10*j - 652 = 0. Let t = j + 109. Let c = -46 - t. List the prime factors of c.
2
Suppose 142855 = 219*h - 71*h - 5145. List the prime factors of h.
2, 5
Let m be (-2*(-4)/(-8))/(4/(-20)). Suppose -3*z = m*z - 816. List the prime factors of z.
2, 3, 17
Let u(k) = -4*k + 24. Let y be u(10). Let o(f) = f**3 + 10*f**2 - 25*f - 40. Let t be o(y). What are the prime factors of ((-9)/(-6))/((-3)/t*6)?
2, 7
Suppose -18*w - 50415 = -505707. What are the prime factors of w?
2, 12647
Suppose 4*l + 5*o - 17 = -132, l - 5*o = -10. Let n be (-28)/(-10) - 5/l. Suppose 3*h = -4*z + 37, 3*z + 2*h - n = 2*z. List the prime factors of z.
13
Suppose -4*r - 52 = -5*r. Suppose -19 - r = -5*l - 2*t, -2*t = -5*l + 79. List the prime factors of (-9)/(-4)*680/l.
2, 3, 17
What are the prime factors of (3 - 4)/((-43)/418347)?
3, 23, 47
Suppose 0 = 2*a + 5*b - 644, -4*a + 2*b + 1234 = -6. Suppose -3*p + 816 = h, 4*p - a - 776 = h. What are the prime factors of p?
2, 17
Let p(t) = -2*t**2 + t + 2. Let v be p(0). Suppose -5*f - v*g + 304 = -f, -g - 160 = -2*f. Suppose -4*s = -f - 6. What are the prime factors of s?
3, 7
Suppose 0 = l - 2*l + 5. Let b(c) = 6*c - 26. Let n be b(l). What are the prime factors of n/14 + 5/(140/76)?
3
Let q be 15/(-75) + 40120/(-25). What are the prime factors of 22/33 - q/(-9)*-10?
2, 223
Let i(a) = a**3 - 30*a**2 - 17*a + 68. Let x be i(29). Let q = 1825 + x. List the prime factors of q.
13, 43
Suppose 13 = 2*v + 7, -2*w = 2*v - 40. Suppose w*f - 235 = 326. Suppose -f = -5*u + 1112. What are the prime factors of u?
229
Suppose 2*u - 78 = 3*y + 6, -139 = 5*y - 3*u. Let r(f) = -f**3 - 26*f**2 - 44*f - 1. List the prime factors of r(y).
3, 127
Let x be 8*-1*(-5 + 117/24). List the prime factors of -4 - (x + -157) - 12/3.
2, 37
Suppose s = -4*k + 4335 + 1858, -s = 2*k - 6203. List the prime factors of s.
3, 19, 109
Suppose -34*a - 35*a + 236418 = -27*a. What are the prime factors of a?
13, 433
Let u = -34 + 34. Suppose 4*j = -n - u*n - 8, n + 5*j = -10. Suppose 0 = -5*g + f - 5*f + 632, -3*g + f + 386 = n. List the prime factors of g.
2
Suppose 3*u + 823 = 2*j - 39, 1172 = -4*u - 3*j. Let b(n) = n - 463. Let h be b(0). Let w = u - h. List the prime factors of w.
173
Suppose -3*z + 3 = -0. Suppose -11 = 3*g + 25. List the prime factors of (6 - z)*(-4 - g)/2.
2, 5
Let b = 15801 - 1870. List the prime factors of b.
13931
Let j(p) = 582*p - 55. Let d be j(5). Suppose 0 = -10*o + 6115 + d. What are the prime factors of o?
3, 13, 23
Let p(c) = 280 - 16*c - 353 + 4*c - 6*c. What are the prime factors of p(-16)?
5, 43
Let h be (-48)/6*(0 + -1). Suppose 40 = -3*d + h*d. List the prime factors of 2/(-6)*-427 - d/(-12).
11, 13
Let b = 26097 + -18604. What are the prime factors of b?
59, 127
Suppose -12 = 50*l - 54*l. Suppose -l*y = 21 - 27. Suppose 4*d + 5*m - 393 = 0, -5*d + m = -y*d - 290. List the prime factors of d.
97
Suppose -5*z - 4*d = 18 + 12, 2*z + 19 = -3*d. Let u(j) = 198*j**2 + 2*j - 2. What are the prime factors of u(z)?
2, 3, 131
Let m = -13525 - -41927. List the prime factors of m.
2, 11, 1291
Let t = 150 + -7. Let d = 584 - 662. Let l = d + t. List the prime factors of l.
5, 13
Let w = 17126 - 5602. List the prime factors of w.
2, 43, 67
Let v be (-3 + 2)/((-3)/1170). Suppose -m = 4*m + 25, -5*j + m = -v. List the prime factors of j.
7, 11
Let w(k) = -1035*k**3 + 4*k**2 + 5*k + 1. Let r be w(-1). Suppose 5*i = 4*d + r, -2*i + d + 396 = 3*d. List the prime factors of i.
7, 29
Suppose -12*q + 9*q + 4*s = -11, -2*q - s = -11. Suppose -q - 11 = -h. What are the prime factors of h?
2
Let m be (1 - 0 - (-7267)/(-26))*12. What are the prime factors of (m/(-3))/(1 + 0)?
2, 557
Let x be (-10104)/(-9)*(-12)/(-8). Let p = x - 1142. What are the prime factors of p?
2, 271
Let z = 16286 - -8482. Suppose -24*u = -40*u + z. List the prime factors of u.
2, 3, 43
Let x = -23721 + 42585. What are the prime factors of x?
2, 3, 131
Suppose 0 = 9*k - 26551 - 13958. List the prime factors of k.
7, 643
Let b = -169 + 166. What are the prime factors of b*(1*-4 - 4004/33)?
2, 47
Let s = 4571 + 62238. What are the prime factors of s?
66809
Let k be (-2)/((5/11955)/(2/12)). Let l = -494 - k. What are the prime factors of l?
3, 101
Suppose -87 = -4*j - 3*n, 4*n - 68 = -3*j - 8. List the prime factors of (570 - 6)/(9/j).
2, 47
Suppose -5*q + 2*h = -11150, -2*h - 7786 - 1136 = -4*q. Suppose -4*r - 2*b = -q, -r - 3*b + 368 = -199. List the prime factors of r.
3, 5, 37
Let k = -464 + 469. Let i be (20/6)/(2/(-6)). What are the prime factors of (-1116)/i + 2/k?
2, 7
Let c(g) = -36291*g**3 + 4*g**2 - 5*g - 8. What are the prime factors of c(-1)?
2, 43, 211
Let r = -442 - -474. Let t = r + 253. What are the prime factors of t?
3, 5, 19
Suppose 14*v + 33082 = 21*v. Suppose 5*a = 1259 + v. List the prime factors of a.
3, 7, 19
Let k(w) = -w**3 - 8*w**2 - 6*w + 9. Let v be k(-7). Suppose 2 = 4*a + v*z, -4*z + 8 = 3*a - 1. List the prime factors of (470/30)/(-3*a/36).
2, 47
Let w = 3763 - 2067. What are the prime factors of w?
2, 53
Let k(l) = -2*l + 40. Let q be k(-28). Let v = 242 + q. What are the prime factors of v?
2, 13
Suppose -32*c + 15*c = -20179. Let z = c + -69. List the prime factors of z.
2, 13, 43
List the prime factors of ((-1753)/2)/(18 - 981/54).
3, 1753
Let g(r) = 886*r - 160. Let f be g(28). Suppose -21*a = 3*a - f. What are the prime factors of a?
13, 79
Let b = 108 + -104. Suppose -b*s - 19 + 515 = 0. List the prime factors of s.
2, 31
Let s(g) 